{"id":108,"date":"2022-12-30T23:02:38","date_gmt":"2022-12-31T02:02:38","guid":{"rendered":"http:\/\/159.65.175.75\/?page_id=108"},"modified":"2024-05-22T11:31:36","modified_gmt":"2024-05-22T14:31:36","slug":"calibracao-rastreavel","status":"publish","type":"page","link":"https:\/\/majlab.com.br\/index.php\/calibracao-rastreavel\/","title":{"rendered":"Calibra\u00e7\u00e3o Rastre\u00e1vel"},"content":{"rendered":"\t\t<div data-elementor-type=\"wp-page\" data-elementor-id=\"108\" class=\"elementor elementor-108\">\n\t\t\t\t\t\t<section class=\"elementor-section elementor-top-section elementor-element elementor-element-d800551 elementor-section-boxed elementor-section-height-default elementor-section-height-default\" data-id=\"d800551\" data-element_type=\"section\">\n\t\t\t\t\t\t<div class=\"elementor-container elementor-column-gap-default\">\n\t\t\t\t\t<div class=\"elementor-column elementor-col-50 elementor-top-column elementor-element elementor-element-0b38db1\" data-id=\"0b38db1\" data-element_type=\"column\">\n\t\t\t<div class=\"elementor-widget-wrap elementor-element-populated\">\n\t\t\t\t\t\t<div class=\"elementor-element elementor-element-3b33c05 elementor-widget elementor-widget-heading\" data-id=\"3b33c05\" data-element_type=\"widget\" data-widget_type=\"heading.default\">\n\t\t\t\t<div class=\"elementor-widget-container\">\n\t\t\t\t\t<h3 class=\"elementor-heading-title elementor-size-default\">Calibra\u00e7\u00e3o Rastreada<\/h3>\t\t\t\t<\/div>\n\t\t\t\t<\/div>\n\t\t\t\t<div class=\"elementor-element elementor-element-aee61a9 elementor-widget elementor-widget-text-editor\" data-id=\"aee61a9\" data-element_type=\"widget\" data-widget_type=\"text-editor.default\">\n\t\t\t\t<div class=\"elementor-widget-container\">\n\t\t\t\t\t\t\t\t\t<p>A calibra\u00e7\u00e3o restreada utiliza padr\u00f5es RBC com emiss\u00e3o de certificado. A Maj Lab atende a maioria das grandezas da \u00e1rea Laboratorial e Industrial.<\/p><p>\u00a0<\/p>\t\t\t\t\t\t\t\t<\/div>\n\t\t\t\t<\/div>\n\t\t\t\t\t<\/div>\n\t\t<\/div>\n\t\t\t\t<div class=\"elementor-column elementor-col-50 elementor-top-column elementor-element elementor-element-275d97e\" data-id=\"275d97e\" data-element_type=\"column\">\n\t\t\t<div class=\"elementor-widget-wrap elementor-element-populated\">\n\t\t\t\t\t\t<div class=\"elementor-element elementor-element-6da7ef2 elementor-widget elementor-widget-image\" data-id=\"6da7ef2\" data-element_type=\"widget\" data-widget_type=\"image.default\">\n\t\t\t\t<div class=\"elementor-widget-container\">\n\t\t\t\t\t\t\t\t\t\t\t\t\t\t\t<img fetchpriority=\"high\" decoding=\"async\" width=\"580\" height=\"324\" src=\"https:\/\/majlab.com.br\/wp-content\/uploads\/2023\/01\/siterest-e1672587161852-1024x572.png\" class=\"attachment-large size-large wp-image-208\" alt=\"\" srcset=\"https:\/\/majlab.com.br\/wp-content\/uploads\/2023\/01\/siterest-e1672587161852-1024x572.png 1024w, https:\/\/majlab.com.br\/wp-content\/uploads\/2023\/01\/siterest-e1672587161852-300x168.png 300w, https:\/\/majlab.com.br\/wp-content\/uploads\/2023\/01\/siterest-e1672587161852-768x429.png 768w, https:\/\/majlab.com.br\/wp-content\/uploads\/2023\/01\/siterest-e1672587161852-1536x859.png 1536w, https:\/\/majlab.com.br\/wp-content\/uploads\/2023\/01\/siterest-e1672587161852-1200x671.png 1200w, https:\/\/majlab.com.br\/wp-content\/uploads\/2023\/01\/siterest-e1672587161852.png 1950w\" sizes=\"(max-width: 580px) 100vw, 580px\" \/>\t\t\t\t\t\t\t\t\t\t\t\t\t\t\t<\/div>\n\t\t\t\t<\/div>\n\t\t\t\t\t<\/div>\n\t\t<\/div>\n\t\t\t\t\t<\/div>\n\t\t<\/section>\n\t\t\t\t<section class=\"elementor-section elementor-top-section elementor-element elementor-element-573e26f elementor-section-boxed elementor-section-height-default elementor-section-height-default\" data-id=\"573e26f\" data-element_type=\"section\">\n\t\t\t\t\t\t<div class=\"elementor-container elementor-column-gap-default\">\n\t\t\t\t\t<div class=\"elementor-column elementor-col-25 elementor-top-column elementor-element elementor-element-41e7180\" data-id=\"41e7180\" data-element_type=\"column\">\n\t\t\t<div class=\"elementor-widget-wrap elementor-element-populated\">\n\t\t\t\t\t\t<div class=\"elementor-element elementor-element-45b334a elementor-position-top elementor-widget elementor-widget-image-box\" data-id=\"45b334a\" data-element_type=\"widget\" data-widget_type=\"image-box.default\">\n\t\t\t\t<div class=\"elementor-widget-container\">\n\t\t\t\t\t<div class=\"elementor-image-box-wrapper\"><figure class=\"elementor-image-box-img\"><img decoding=\"async\" width=\"1475\" height=\"1000\" src=\"https:\/\/majlab.com.br\/wp-content\/uploads\/2023\/01\/siteaut-e1672586559427.png\" class=\"attachment-full size-full wp-image-200\" alt=\"\" srcset=\"https:\/\/majlab.com.br\/wp-content\/uploads\/2023\/01\/siteaut-e1672586559427.png 1475w, https:\/\/majlab.com.br\/wp-content\/uploads\/2023\/01\/siteaut-e1672586559427-300x203.png 300w, https:\/\/majlab.com.br\/wp-content\/uploads\/2023\/01\/siteaut-e1672586559427-1024x694.png 1024w, https:\/\/majlab.com.br\/wp-content\/uploads\/2023\/01\/siteaut-e1672586559427-768x521.png 768w, https:\/\/majlab.com.br\/wp-content\/uploads\/2023\/01\/siteaut-e1672586559427-1200x814.png 1200w\" sizes=\"(max-width: 1475px) 100vw, 1475px\" \/><\/figure><div class=\"elementor-image-box-content\"><h4 class=\"elementor-image-box-title\">Autoclave<\/h4><\/div><\/div>\t\t\t\t<\/div>\n\t\t\t\t<\/div>\n\t\t\t\t\t<\/div>\n\t\t<\/div>\n\t\t\t\t<div class=\"elementor-column elementor-col-25 elementor-top-column elementor-element elementor-element-2f19739\" data-id=\"2f19739\" data-element_type=\"column\">\n\t\t\t<div class=\"elementor-widget-wrap elementor-element-populated\">\n\t\t\t\t\t\t<div class=\"elementor-element elementor-element-2cd7fb4 elementor-position-top elementor-widget elementor-widget-image-box\" data-id=\"2cd7fb4\" data-element_type=\"widget\" data-widget_type=\"image-box.default\">\n\t\t\t\t<div class=\"elementor-widget-container\">\n\t\t\t\t\t<div class=\"elementor-image-box-wrapper\"><figure class=\"elementor-image-box-img\"><img decoding=\"async\" width=\"1280\" height=\"880\" src=\"https:\/\/majlab.com.br\/wp-content\/uploads\/2023\/01\/sitebal-e1672586633808.png\" class=\"attachment-full size-full wp-image-201\" alt=\"\" srcset=\"https:\/\/majlab.com.br\/wp-content\/uploads\/2023\/01\/sitebal-e1672586633808.png 1280w, https:\/\/majlab.com.br\/wp-content\/uploads\/2023\/01\/sitebal-e1672586633808-300x206.png 300w, https:\/\/majlab.com.br\/wp-content\/uploads\/2023\/01\/sitebal-e1672586633808-1024x704.png 1024w, https:\/\/majlab.com.br\/wp-content\/uploads\/2023\/01\/sitebal-e1672586633808-768x528.png 768w, https:\/\/majlab.com.br\/wp-content\/uploads\/2023\/01\/sitebal-e1672586633808-1200x825.png 1200w\" sizes=\"(max-width: 1280px) 100vw, 1280px\" \/><\/figure><div class=\"elementor-image-box-content\"><h4 class=\"elementor-image-box-title\">Balan\u00e7as<\/h4><\/div><\/div>\t\t\t\t<\/div>\n\t\t\t\t<\/div>\n\t\t\t\t\t<\/div>\n\t\t<\/div>\n\t\t\t\t<div class=\"elementor-column elementor-col-25 elementor-top-column elementor-element elementor-element-8fda4f0\" data-id=\"8fda4f0\" data-element_type=\"column\">\n\t\t\t<div class=\"elementor-widget-wrap elementor-element-populated\">\n\t\t\t\t\t\t<div class=\"elementor-element elementor-element-20b9ed2 elementor-position-top elementor-widget elementor-widget-image-box\" data-id=\"20b9ed2\" data-element_type=\"widget\" data-widget_type=\"image-box.default\">\n\t\t\t\t<div class=\"elementor-widget-container\">\n\t\t\t\t\t<div class=\"elementor-image-box-wrapper\"><figure class=\"elementor-image-box-img\"><img loading=\"lazy\" decoding=\"async\" width=\"1490\" height=\"1065\" src=\"https:\/\/majlab.com.br\/wp-content\/uploads\/2023\/01\/sitecent-e1672586934728.png\" class=\"attachment-full size-full wp-image-203\" alt=\"\" srcset=\"https:\/\/majlab.com.br\/wp-content\/uploads\/2023\/01\/sitecent-e1672586934728.png 1490w, https:\/\/majlab.com.br\/wp-content\/uploads\/2023\/01\/sitecent-e1672586934728-300x214.png 300w, https:\/\/majlab.com.br\/wp-content\/uploads\/2023\/01\/sitecent-e1672586934728-1024x732.png 1024w, https:\/\/majlab.com.br\/wp-content\/uploads\/2023\/01\/sitecent-e1672586934728-768x549.png 768w, https:\/\/majlab.com.br\/wp-content\/uploads\/2023\/01\/sitecent-e1672586934728-1200x858.png 1200w\" sizes=\"(max-width: 1490px) 100vw, 1490px\" \/><\/figure><div class=\"elementor-image-box-content\"><h4 class=\"elementor-image-box-title\">Centr\u00edfuga<\/h4><\/div><\/div>\t\t\t\t<\/div>\n\t\t\t\t<\/div>\n\t\t\t\t\t<\/div>\n\t\t<\/div>\n\t\t\t\t<div class=\"elementor-column elementor-col-25 elementor-top-column elementor-element elementor-element-1113947\" data-id=\"1113947\" data-element_type=\"column\">\n\t\t\t<div class=\"elementor-widget-wrap elementor-element-populated\">\n\t\t\t\t\t\t<div class=\"elementor-element elementor-element-a6e05a9 elementor-position-top elementor-widget elementor-widget-image-box\" data-id=\"a6e05a9\" data-element_type=\"widget\" data-widget_type=\"image-box.default\">\n\t\t\t\t<div class=\"elementor-widget-container\">\n\t\t\t\t\t<div class=\"elementor-image-box-wrapper\"><figure class=\"elementor-image-box-img\"><img loading=\"lazy\" decoding=\"async\" width=\"1515\" height=\"1135\" src=\"https:\/\/majlab.com.br\/wp-content\/uploads\/2023\/01\/siteoxi-e1672587013681.png\" class=\"attachment-full size-full wp-image-204\" alt=\"\" srcset=\"https:\/\/majlab.com.br\/wp-content\/uploads\/2023\/01\/siteoxi-e1672587013681.png 1515w, https:\/\/majlab.com.br\/wp-content\/uploads\/2023\/01\/siteoxi-e1672587013681-300x225.png 300w, https:\/\/majlab.com.br\/wp-content\/uploads\/2023\/01\/siteoxi-e1672587013681-1024x767.png 1024w, https:\/\/majlab.com.br\/wp-content\/uploads\/2023\/01\/siteoxi-e1672587013681-768x575.png 768w, https:\/\/majlab.com.br\/wp-content\/uploads\/2023\/01\/siteoxi-e1672587013681-1200x899.png 1200w\" sizes=\"(max-width: 1515px) 100vw, 1515px\" \/><\/figure><div class=\"elementor-image-box-content\"><h4 class=\"elementor-image-box-title\">Ox\u00edmetro<\/h4><\/div><\/div>\t\t\t\t<\/div>\n\t\t\t\t<\/div>\n\t\t\t\t\t<\/div>\n\t\t<\/div>\n\t\t\t\t\t<\/div>\n\t\t<\/section>\n\t\t\t\t<section class=\"elementor-section elementor-top-section elementor-element elementor-element-5059c54 elementor-section-boxed elementor-section-height-default elementor-section-height-default\" data-id=\"5059c54\" data-element_type=\"section\">\n\t\t\t\t\t\t<div class=\"elementor-container elementor-column-gap-default\">\n\t\t\t\t\t<div class=\"elementor-column elementor-col-50 elementor-top-column elementor-element elementor-element-bebb4df\" data-id=\"bebb4df\" data-element_type=\"column\">\n\t\t\t<div class=\"elementor-widget-wrap elementor-element-populated\">\n\t\t\t\t\t\t<div class=\"elementor-element elementor-element-a1a06cc elementor-widget elementor-widget-heading\" data-id=\"a1a06cc\" data-element_type=\"widget\" data-widget_type=\"heading.default\">\n\t\t\t\t<div class=\"elementor-widget-container\">\n\t\t\t\t\t<h4 class=\"elementor-heading-title elementor-size-default\">Mais algumas Calibra\u00e7\u00f5es Rastreadas que a Maj Lab realiza:<\/h4>\t\t\t\t<\/div>\n\t\t\t\t<\/div>\n\t\t\t\t<section class=\"elementor-section elementor-inner-section elementor-element elementor-element-d5946aa elementor-section-boxed elementor-section-height-default elementor-section-height-default\" data-id=\"d5946aa\" data-element_type=\"section\">\n\t\t\t\t\t\t<div class=\"elementor-container elementor-column-gap-default\">\n\t\t\t\t\t<div class=\"elementor-column elementor-col-50 elementor-inner-column elementor-element elementor-element-43d9f96\" data-id=\"43d9f96\" data-element_type=\"column\">\n\t\t\t<div class=\"elementor-widget-wrap elementor-element-populated\">\n\t\t\t\t\t\t<div class=\"elementor-element elementor-element-c3fa67a elementor-widget elementor-widget-text-editor\" data-id=\"c3fa67a\" data-element_type=\"widget\" data-widget_type=\"text-editor.default\">\n\t\t\t\t<div class=\"elementor-widget-container\">\n\t\t\t\t\t\t\t\t\t<p>Agitador<\/p>\n<p>Alcoometro<\/p>\n<p>Amostrador de Ar<\/p>\n<p>Analisador de G\u00e1s<\/p>\n<p>Anem\u00f4metro<\/p>\n<p>Banho Maria<\/p>\n<p>B.O.D<\/p>\n<p>Cabine de Seguran\u00e7a Biol\u00f3gica<\/p><p><\/p>\t\t\t\t\t\t\t\t<\/div>\n\t\t\t\t<\/div>\n\t\t\t\t\t<\/div>\n\t\t<\/div>\n\t\t\t\t<div class=\"elementor-column elementor-col-50 elementor-inner-column elementor-element elementor-element-f353860\" data-id=\"f353860\" data-element_type=\"column\">\n\t\t\t<div class=\"elementor-widget-wrap elementor-element-populated\">\n\t\t\t\t\t\t<div class=\"elementor-element elementor-element-5eb1988 elementor-widget elementor-widget-text-editor\" data-id=\"5eb1988\" data-element_type=\"widget\" data-widget_type=\"text-editor.default\">\n\t\t\t\t<div class=\"elementor-widget-container\">\n\t\t\t\t\t\t\t\t\t<p>Color\u00edmetro<\/p><p>Decibel\u00edmetro<\/p><p>Dens\u00edmetro<\/p><p>Dos\u00edmetro<\/p><p>Dur\u00f4metro<\/p><p>Espir\u00f4metro<\/p><p>Flux\u00f4metro<\/p><p>Fluxo Laminar<\/p><p>\u00a0<\/p><p>\u00a0<\/p>\t\t\t\t\t\t\t\t<\/div>\n\t\t\t\t<\/div>\n\t\t\t\t\t<\/div>\n\t\t<\/div>\n\t\t\t\t\t<\/div>\n\t\t<\/section>\n\t\t\t\t\t<\/div>\n\t\t<\/div>\n\t\t\t\t<div class=\"elementor-column elementor-col-50 elementor-top-column elementor-element elementor-element-86697d0\" data-id=\"86697d0\" data-element_type=\"column\">\n\t\t\t<div class=\"elementor-widget-wrap elementor-element-populated\">\n\t\t\t\t\t\t<div class=\"elementor-element elementor-element-83d9e22 elementor-widget elementor-widget-spacer\" data-id=\"83d9e22\" data-element_type=\"widget\" data-widget_type=\"spacer.default\">\n\t\t\t\t<div class=\"elementor-widget-container\">\n\t\t\t\t\t\t\t<div class=\"elementor-spacer\">\n\t\t\t<div class=\"elementor-spacer-inner\"><\/div>\n\t\t<\/div>\n\t\t\t\t\t\t<\/div>\n\t\t\t\t<\/div>\n\t\t\t\t<section class=\"elementor-section elementor-inner-section elementor-element elementor-element-205c26b elementor-section-boxed elementor-section-height-default elementor-section-height-default\" data-id=\"205c26b\" data-element_type=\"section\">\n\t\t\t\t\t\t<div class=\"elementor-container elementor-column-gap-default\">\n\t\t\t\t\t<div class=\"elementor-column elementor-col-50 elementor-inner-column elementor-element elementor-element-f617601\" data-id=\"f617601\" data-element_type=\"column\">\n\t\t\t<div class=\"elementor-widget-wrap elementor-element-populated\">\n\t\t\t\t\t\t<div class=\"elementor-element elementor-element-dac886a elementor-widget elementor-widget-text-editor\" data-id=\"dac886a\" data-element_type=\"widget\" data-widget_type=\"text-editor.default\">\n\t\t\t\t<div class=\"elementor-widget-container\">\n\t\t\t\t\t\t\t\t\t<p>Fot\u00f4metro<\/p><p>Glicos\u00edmetro<\/p><p>Lux\u00edmetro<\/p><p>Massa<\/p><p>Micr\u00f4metro<\/p><p>Micr\u00f3tomo<\/p><p>Mufla<\/p><p>Mult\u00edmetro<\/p><p>\u00a0<\/p><p>\u00a0<\/p>\t\t\t\t\t\t\t\t<\/div>\n\t\t\t\t<\/div>\n\t\t\t\t\t<\/div>\n\t\t<\/div>\n\t\t\t\t<div class=\"elementor-column elementor-col-50 elementor-inner-column elementor-element elementor-element-aed066b\" data-id=\"aed066b\" data-element_type=\"column\">\n\t\t\t<div class=\"elementor-widget-wrap elementor-element-populated\">\n\t\t\t\t\t\t<div class=\"elementor-element elementor-element-d38c9bb elementor-widget elementor-widget-text-editor\" data-id=\"d38c9bb\" data-element_type=\"widget\" data-widget_type=\"text-editor.default\">\n\t\t\t\t<div class=\"elementor-widget-container\">\n\t\t\t\t\t\t\t\t\t<p>Trena\/R\u00e9gua<\/p><p>Torqu\u00edmetro<\/p><p>Turbid\u00edmetro<\/p><p>Reator<\/p><p>Refratometro<\/p><p>Phmetro<\/p><p>Timer\/Cron\u00f4metro\/Rel\u00f3gio<\/p><p>Transilumiddade<\/p><p>\u00a0<\/p>\t\t\t\t\t\t\t\t<\/div>\n\t\t\t\t<\/div>\n\t\t\t\t\t<\/div>\n\t\t<\/div>\n\t\t\t\t\t<\/div>\n\t\t<\/section>\n\t\t\t\t\t<\/div>\n\t\t<\/div>\n\t\t\t\t\t<\/div>\n\t\t<\/section>\n\t\t\t\t<section class=\"elementor-section elementor-top-section elementor-element elementor-element-3c91eea elementor-section-boxed elementor-section-height-default elementor-section-height-default\" data-id=\"3c91eea\" data-element_type=\"section\">\n\t\t\t\t\t\t<div class=\"elementor-container elementor-column-gap-default\">\n\t\t\t\t\t<div class=\"elementor-column elementor-col-100 elementor-top-column elementor-element elementor-element-8fef52a\" data-id=\"8fef52a\" data-element_type=\"column\">\n\t\t\t<div class=\"elementor-widget-wrap elementor-element-populated\">\n\t\t\t\t\t\t<div class=\"elementor-element elementor-element-a785fb2 elementor-position-left elementor-view-default elementor-mobile-position-top elementor-vertical-align-top elementor-widget elementor-widget-icon-box\" data-id=\"a785fb2\" data-element_type=\"widget\" data-widget_type=\"icon-box.default\">\n\t\t\t\t<div class=\"elementor-widget-container\">\n\t\t\t\t\t\t\t<div class=\"elementor-icon-box-wrapper\">\n\n\t\t\t\t\t\t<div class=\"elementor-icon-box-icon\">\n\t\t\t\t<span  class=\"elementor-icon\">\n\t\t\t\t<i aria-hidden=\"true\" class=\"far fa-question-circle\"><\/i>\t\t\t\t<\/span>\n\t\t\t<\/div>\n\t\t\t\n\t\t\t\t\t\t<div class=\"elementor-icon-box-content\">\n\n\t\t\t\t\t\t\t\t\t<span class=\"elementor-icon-box-title\">\n\t\t\t\t\t\t<span  >\n\t\t\t\t\t\t\tGostaria de saber mais sobre Calibra\u00e7\u00e3o Rastreada?\t\t\t\t\t\t<\/span>\n\t\t\t\t\t<\/span>\n\t\t\t\t\n\t\t\t\t\t\t\t\t\t<p class=\"elementor-icon-box-description\">\n\t\t\t\t\t\tContate nossa equipe de comercial para maiores informa\u00e7\u00f5es\t\t\t\t\t<\/p>\n\t\t\t\t\n\t\t\t<\/div>\n\t\t\t\n\t\t<\/div>\n\t\t\t\t\t\t<\/div>\n\t\t\t\t<\/div>\n\t\t\t\t<div class=\"elementor-element elementor-element-7d2f0e1 elementor-widget elementor-widget-button\" data-id=\"7d2f0e1\" data-element_type=\"widget\" data-widget_type=\"button.default\">\n\t\t\t\t<div class=\"elementor-widget-container\">\n\t\t\t\t\t\t\t\t\t<div class=\"elementor-button-wrapper\">\n\t\t\t\t\t<a class=\"elementor-button elementor-button-link elementor-size-sm\" href=\"https:\/\/api.whatsapp.com\/send?phone=554130731512&#038;text=ola\">\n\t\t\t\t\t\t<span class=\"elementor-button-content-wrapper\">\n\t\t\t\t\t\t\t\t\t<span class=\"elementor-button-text\">Contatar Comercial<\/span>\n\t\t\t\t\t<\/span>\n\t\t\t\t\t<\/a>\n\t\t\t\t<\/div>\n\t\t\t\t\t\t\t\t<\/div>\n\t\t\t\t<\/div>\n\t\t\t\t\t<\/div>\n\t\t<\/div>\n\t\t\t\t\t<\/div>\n\t\t<\/section>\n\t\t\t\t<\/div>\n\t\t","protected":false},"excerpt":{"rendered":"<p>Calibra\u00e7\u00e3o Rastreada A calibra\u00e7\u00e3o restreada utiliza padr\u00f5es RBC com emiss\u00e3o de certificado. A Maj Lab atende a maioria das grandezas da \u00e1rea Laboratorial e Industrial. \u00a0 Autoclave Balan\u00e7as Centr\u00edfuga Ox\u00edmetro Mais algumas Calibra\u00e7\u00f5es Rastreadas que a Maj Lab realiza: Agitador Alcoometro Amostrador de Ar Analisador de G\u00e1s Anem\u00f4metro Banho Maria B.O.D Cabine de Seguran\u00e7a Biol\u00f3gica [&hellip;]<\/p>\n","protected":false},"author":2,"featured_media":0,"parent":0,"menu_order":0,"comment_status":"closed","ping_status":"closed","template":"elementor_header_footer","meta":{"footnotes":""},"class_list":["post-108","page","type-page","status-publish","hentry"],"_links":{"self":[{"href":"https:\/\/majlab.com.br\/index.php\/wp-json\/wp\/v2\/pages\/108","targetHints":{"allow":["GET"]}}],"collection":[{"href":"https:\/\/majlab.com.br\/index.php\/wp-json\/wp\/v2\/pages"}],"about":[{"href":"https:\/\/majlab.com.br\/index.php\/wp-json\/wp\/v2\/types\/page"}],"author":[{"embeddable":true,"href":"https:\/\/majlab.com.br\/index.php\/wp-json\/wp\/v2\/users\/2"}],"replies":[{"embeddable":true,"href":"https:\/\/majlab.com.br\/index.php\/wp-json\/wp\/v2\/comments?post=108"}],"version-history":[{"count":16,"href":"https:\/\/majlab.com.br\/index.php\/wp-json\/wp\/v2\/pages\/108\/revisions"}],"predecessor-version":[{"id":214,"href":"https:\/\/majlab.com.br\/index.php\/wp-json\/wp\/v2\/pages\/108\/revisions\/214"}],"wp:attachment":[{"href":"https:\/\/majlab.com.br\/index.php\/wp-json\/wp\/v2\/media?parent=108"}],"curies":[{"name":"wp","href":"https:\/\/api.w.org\/{rel}","templated":true}]}}